 by 777.
245
What is the remainder when 416 is divided by 252?
164
Calculate the remainder when 262444 is divided by 719.
9
Calculate the remainder when 3119 is divided by 266.
193
What is the remainder when 988006 is divided by 329333?
7
Calculate the remainder when 13830 is divided by 6760.
310
Calculate the remainder when 3109 is divided by 156.
145
Calculate the remainder when 13936 is divided by 214.
26
What is the remainder when 160 is divided by 4?
0
What is the remainder when 30233 is divided by 7?
0
Calculate the remainder when 2940 is divided by 451.
234
What is the remainder when 96858 is divided by 16?
10
Calculate the remainder when 17425 is divided by 14.
9
Calculate the remainder when 9646 is divided by 1092.
910
Calculate the remainder when 1221162 is divided by 19.
13
Calculate the remainder when 114876 is divided by 320.
316
Calculate the remainder when 20608 is divided by 824.
8
Calculate the remainder when 2527 is divided by 370.
307
Calculate the remainder when 7403 is divided by 161.
158
Calculate the remainder when 5024 is divided by 2475.
74
Calculate the remainder when 13536 is divided by 1856.
544
What is the remainder when 289276 is divided by 54?
52
Calculate the remainder when 4799 is divided by 1129.
283
Calculate the remainder when 961716 is divided by 134.
132
What is the remainder when 190523 is divided by 104?
99
What is the remainder when 17300 is divided by 5732?
104
What is the remainder when 3245464 is divided by 57?
55
What is the remainder when 858162 is divided by 105?
102
What is the remainder when 224112 is divided by 242?
20
What is the remainder when 13876 is divided by 4618?
22
Calculate the remainder when 13858 is divided by 28.
26
What is the remainder when 10498 is divided by 241?
135
What is the remainder when 991869 is divided by 254?
253
What is the remainder when 997 is divided by 27?
25
What is the remainder when 3768 is divided by 130?
128
What is the remainder when 62362 is divided by 70?
62
What is the remainder when 124227 is divided by 501?
480
Calculate the remainder when 7498 is divided by 748.
18
What is the remainder when 1649292 is divided by 1062?
6
What is the remainder when 2424 is divided by 594?
48
What is the remainder when 15625 is divided by 1117?
1104
What is the remainder when 2310 is divided by 104?
22
What is the remainder when 972 is divided by 407?
158
Calculate the remainder when 43558 is divided by 343.
340
Calculate the remainder when 4919 is divided by 1430.
629
What is the remainder when 72163 is divided by 35?
28
What is the remainder when 1185800 is divided by 47?
37
What is the remainder when 757969 is divided by 27?
25
Calculate the remainder when 2173183 is divided by 7.
5
What is the remainder when 119587 is divided by 29829?
271
What is the remainder when 19561 is divided by 2443?
17
What is the remainder when 380778 is divided by 23?
13
Calculate the remainder when 6188 is divided by 907.
746
What is the remainder when 56857 is divided by 20?
17
Calculate the remainder when 1478 is divided by 45.
38
What is the remainder when 371532 is divided by 79?
74
Calculate the remainder when 4445 is divided by 554.
13
Calculate the remainder when 7939 is divided by 19.
16
Calculate the remainder when 192872 is divided by 2143.
2
What is the remainder when 176941 is divided by 164?
149
Calculate the remainder when 3452 is divided by 119.
1
What is the remainder when 1775 is divided by 495?
290
Calculate the remainder when 16998 is divided by 191.
190
Calculate the remainder when 18483 is divided by 220.
3
What is the remainder when 5879 is divided by 1963?
1953
Calculate the remainder when 17870 is divided by 17860.
10
Calculate the remainder when 70849 is divided by 650.
649
Calculate the remainder when 80387 is divided by 8036.
27
Calculate the remainder when 970 is divided by 484.
2
What is the remainder when 5675735 is divided by 66?
65
What is the remainder when 2305799 is divided by 63?
62
Calculate the remainder when 7012 is divided by 111.
19
What is the remainder when 11458 is divided by 713?
50
What is the remainder when 474190 is divided by 23?
22
What is the remainder when 1149 is divided by 274?
53
Calculate the remainder when 8020 is divided by 377.
103
What is the remainder when 13204 is divided by 67?
5
What is the remainder when 20718 is divided by 5?
3
Calculate the remainder when 6904 is divided by 90.
64
Calculate the remainder when 243729 is divided by 50.
29
Calculate the remainder when 1936 is divided by 1037.
899
Calculate the remainder when 18970 is divided by 6323.
1
What is the remainder when 763185 is divided by 1440?
1425
Calculate the remainder when 14528 is divided by 14486.
42
Calculate the remainder when 248884 is divided by 35554.
6
Calculate the remainder when 66517 is divided by 427.
332
What is the remainder when 197666 is divided by 612?
602
Calculate the remainder when 55429 is divided by 1008.
997
Calculate the remainder when 23847 is divided by 4758.
57
Calculate the remainder when 23433 is divided by 601.
595
Calculate the remainder when 50856 is divided by 27.
15
What is the remainder when 10527 is divided by 48?
15
What is the remainder when 39699 is divided by 661?
39
Calculate the remainder when 120137 is divided by 204.
185
What is the remainder when 181796 is divided by 231?
230
Calculate the remainder when 52876 is divided by 89.
10
What is the remainder when 8415 is divided by 138?
135
What is the remainder when 131636 is divided by 375?
11
What is the remainder when 4783 is divided by 186?
133
What is the remainder when 412672 is divided by 103167?
4
Calculate the remainder when 877 is divided by 16.
13
What is the remainder when 359499 is divided by 66?
63
Calculate the remainder when 13057 is divided by 12974.
83
Calculate the remainder when 14102 is divided by 14093.
9
What is the remainder when 38309 is divided by 19089?
131
What is the remainder when 137342 is divided by 64?
62
Calculate the remainder when 45527 is divided by 26.
1
Calculate the remainder when 46507 is divided by 46470.
37
Calculate the remainder when 28945 is divided by 127.
116
What is the remainder when 8903 is divided by 447?
410
What is the remainder when 1605 is divided by 800?
5
Calculate the remainder when 10855 is divided by 20.
15
Calculate the remainder when 14120 is divided by 352.
40
Calculate the remainder when 7307 is divided by 3290.
727
Calculate the remainder when 7469 is divided by 323.
40
What is the remainder when 2991 is divided by 373?
7
Calculate the remainder when 28473 is divided by 33.
27
Calculate the remainder when 9298 is divided by 81.
64
What is the remainder when 168674 is divided by 40?
34
What is the remainder when 7989 is divided by 104?
85
Calculate the remainder when 792 is divided by 202.
186
What is the remainder when 90992 is divided by 30325?
17
What is the remainder when 15117 is divided by 25?
17
What is the remainder when 7419 is divided by 95?
9
Calculate the remainder when 308261 is divided by 682.
679
Calculate the remainder when 6141 is divided by 8.
5
Calculate the remainder when 33437 is divided by 55.
52
What is the remainder when 261261 is divided by 219?
213
What is the remainder when 382 is divided by 369?
13
What is the remainder when 843867 is divided by 467?
465
What is the remainder when 157533 is divided by 16?
13
Calculate the remainder when 3177574 is divided by 313.
311
Calculate the remainder when 12656 is divided by 36.
20
What is the remainder when 48378 is divided by 8059?
24
Calculate the remainder when 34273 is divided by 925.
48
What is the remainder when 3954 is divided by 1888?
178
Calculate the remainder when 21238 is divided by 233.
35
Calculate the remainder when 588641 is divided by 147157.
13
Calculate the remainder when 19515 is divided by 383.
365
What is the remainder when 35917 is divided by 80?
77
Calculate the remainder when 7680 is divided by 43.
26
What is the remainder when 1874 is divided by 117?
2
What is the remainder when 11352 is divided by 420?
12
Calculate the remainder when 12630 is divided by 260.
150
Calculate the remainder when 21186 is divided by 55.
11
Calculate the remainder when 917 is divided by 44.
37
What is the remainder when 48764 is 